e remainder when 40 is divided by 3.
1
Calculate the remainder when 1015 is divided by 125.
15
Calculate the remainder when 63355 is divided by 401.
398
What is the remainder when 276 is divided by 14?
10
What is the remainder when 82 is divided by 53?
29
Calculate the remainder when 2545 is divided by 282.
7
What is the remainder when 206 is divided by 10?
6
Calculate the remainder when 621 is divided by 48.
45
What is the remainder when 251 is divided by 237?
14
What is the remainder when 3144 is divided by 53?
17
Calculate the remainder when 458 is divided by 77.
73
What is the remainder when 55 is divided by 27?
1
Calculate the remainder when 774 is divided by 723.
51
What is the remainder when 70 is divided by 25?
20
What is the remainder when 1121 is divided by 94?
87
Calculate the remainder when 95 is divided by 25.
20
What is the remainder when 421 is divided by 13?
5
Calculate the remainder when 6077 is divided by 34.
25
What is the remainder when 50 is divided by 35?
15
Calculate the remainder when 752 is divided by 141.
47
What is the remainder when 132 is divided by 68?
64
Calculate the remainder when 1340 is divided by 50.
40
Calculate the remainder when 43775 is divided by 220.
215
What is the remainder when 6 is divided by 3?
0
What is the remainder when 2494 is divided by 37?
15
What is the remainder when 3010 is divided by 427?
21
What is the remainder when 672 is divided by 218?
18
Calculate the remainder when 773 is divided by 13.
6
Calculate the remainder when 76 is divided by 24.
4
What is the remainder when 742 is divided by 75?
67
Calculate the remainder when 2047 is divided by 10.
7
Calculate the remainder when 55 is divided by 25.
5
Calculate the remainder when 77 is divided by 16.
13
What is the remainder when 46072 is divided by 7?
5
What is the remainder when 383 is divided by 39?
32
Calculate the remainder when 10299 is divided by 34.
31
What is the remainder when 31 is divided by 13?
5
What is the remainder when 1344 is divided by 192?
0
Calculate the remainder when 50 is divided by 7.
1
Calculate the remainder when 2298 is divided by 49.
44
What is the remainder when 1827 is divided by 141?
135
What is the remainder when 941 is divided by 3?
2
Calculate the remainder when 4701 is divided by 42.
39
Calculate the remainder when 14104 is divided by 127.
7
What is the remainder when 69 is divided by 35?
34
What is the remainder when 3217 is divided by 803?
5
Calculate the remainder when 1222 is divided by 253.
210
Calculate the remainder when 14796 is divided by 185.
181
What is the remainder when 2761 is divided by 552?
1
Calculate the remainder when 427 is divided by 18.
13
What is the remainder when 138 is divided by 24?
18
What is the remainder when 37 is divided by 5?
2
Calculate the remainder when 222 is divided by 16.
14
Calculate the remainder when 808 is divided by 252.
52
Calculate the remainder when 541 is divided by 529.
12
Calculate the remainder when 390 is divided by 101.
87
Calculate the remainder when 429 is divided by 23.
15
Calculate the remainder when 33532 is divided by 81.
79
What is the remainder when 1062 is divided by 211?
7
What is the remainder when 1830 is divided by 44?
26
What is the remainder when 65 is divided by 27?
11
What is the remainder when 893 is divided by 359?
175
Calculate the remainder when 284 is divided by 109.
66
What is the remainder when 78 is divided by 72?
6
What is the remainder when 53 is divided by 41?
12
Calculate the remainder when 2314 is divided by 46.
14
Calculate the remainder when 378 is divided by 19.
17
Calculate the remainder when 729 is divided by 213.
90
Calculate the remainder when 66 is divided by 16.
2
What is the remainder when 332 is divided by 323?
9
Calculate the remainder when 129 is divided by 69.
60
What is the remainder when 2397 is divided by 49?
45
Calculate the remainder when 266 is divided by 96.
74
What is the remainder when 1041 is divided by 95?
91
What is the remainder when 208 is divided by 16?
0
What is the remainder when 156 is divided by 154?
2
What is the remainder when 30903 is divided by 34?
31
Calculate the remainder when 2492 is divided by 157.
137
What is the remainder when 106 is divided by 55?
51
Calculate the remainder when 783 is divided by 350.
83
Calculate the remainder when 896 is divided by 135.
86
Calculate the remainder when 144 is divided by 7.
4
What is the remainder when 862 is divided by 237?
151
Calculate the remainder when 277 is divided by 70.
67
What is the remainder when 513 is divided by 5?
3
Calculate the remainder when 2674 is divided by 885.
19
What is the remainder when 426 is divided by 10?
6
Calculate the remainder when 360 is divided by 274.
86
What is the remainder when 4288 is divided by 33?
31
Calculate the remainder when 110 is divided by 25.
10
What is the remainder when 24 is divided by 11?
2
What is the remainder when 318 is divided by 32?
30
Calculate the remainder when 73 is divided by 51.
22
What is the remainder when 441 is divided by 72?
9
What is the remainder when 201 is divided by 31?
15
Calculate the remainder when 758 is divided by 284.
190
What is the remainder when 48885 is divided by 56?
53
What is the remainder when 424 is divided by 61?
58
Calculate the remainder when 227 is divided by 30.
17
What is the remainder when 5354 is divided by 134?
128
What is the remainder when 117 is divided by 40?
37
Calculate the remainder when 25 is divided by 2.
1
What is the remainder when 1166 is divided by 37?
19
Calculate the remainder when 785 is divided by 31.
10
Calculate the remainder when 113 is divided by 30.
23
Calculate the remainder when 7563 is divided by 62.
61
What is the remainder when 101 is divided by 11?
2
Calculate the remainder when 1604 is divided by 177.
11
Calculate the remainder when 89 is divided by 44.
1
Calculate the remainder when 78 is divided by 16.
14
What is the remainder when 15267 is divided by 22?
21
What is the remainder when 2092 is divided by 139?
7
Calculate the remainder when 9470 is divided by 25.
20
Calculate the remainder when 267 is divided by 51.
12
Calculate the remainder when 1376 is divided by 29.
13
What is the remainder when 472 is divided by 466?
6
What is the remainder when 79 is divided by 30?
19
Calculate the remainder when 1308 is divided by 433.
9
Calculate the remainder when 1284 is divided by 46.
42
What is the remainder when 479 is divided by 203?
73
What is the remainder when 211 is divided by 53?
52
Calculate the remainder when 46 is divided by 5.
1
Calculate the remainder when 771 is divided by 49.
36
Calculate the remainder when 604 is divided by 5.
4
What is the remainder when 210 is divided by 53?
51
Calculate the remainder when 538 is divided by 179.
1
What is the remainder when 159 is divided by 34?
23
Calculate the remainder when 228 is divided by 67.
27
What is the remainder when 10579 is divided by 26?
23
What is the remainder when 988 is divided by 33?
31
What is the remainder when 313 is divided by 38?
9
What is the remainder when 51 is divided by 51?
0
Calculate the remainder when 4678 is divided by 104.
102
What is the remainder when 2574 is divided by 37?
21
Calculate the remainder when 1106 is divided by 52.
14
Calculate the remainder when 345 is divided by 10.
5
Calculate the remainder when 459 is divided by 7.
4
What is the remainder when 127 is divided by 12?
7
Calculate the remainder when 289 is divided by 50.
39
What is the remainder when 665 is divided by 29?
27
What is the remainder when 539 is divided by 532?
7
What is the remainder when 124 is divided by 37?
13
Calculate the remainder when 289 is divided by 38.
23
What is the remainder when 150 is divided by 141?
9
What is the remainder when 41 is divided by 16?
9
Calculate the remainder when 42 is divided by 20.
2
What is the remainder when 646 is divided by 54?
52
What is the remainder when 336 is divided by 59?
41
Calculate the remainder when 1144 is divided by 28.
24
What is the remainder when 11953 is divided by 49?
46
Calculate the remainder when 51 is divided by 7.
2
What is the remainder when 117 is divided by 31?
24
Calculate the remainder when 3014 is divided by 13.
11
Calculate the remainder when 444 is divided by 41.
34
What is the remainder